What is 330413 (base 8) in base 16?
1b10b
What is a1b78 (base 13) in base 6?
10113301
What is -ac51 (base 14) in base 4?
-13102213
What is -20cd0 (base 16) in base 9?
-224260
-3719878 (base 12) to base 7
-160160051
What is 200010121001 (base 3) in base 16?
57232
What is 121100101220 (base 3) in base 5?
40244113
2380a77 (base 11) to base 3
21210120110022
-1339a57 (base 13) to base 2
-10111000100100010100010
What is -3230102121 (base 4) in base 5?
-221432313
Convert -3821387 (base 9) to base 2.
-111111100000001111000
Convert -215036 (base 9) to base 12.
-62329
What is 20222300210 (base 4) in base 6?
120411512
What is 145406 (base 8) in base 6?
1040342
What is -112dd8 (base 16) in base 14?
-21441a
Convert 10e52c (base 16) to base 12.
454924
-11001111110011010 (base 2) to base 9
-171845
Convert 329573 (base 11) to base 5.
113300344
What is 170504 (base 8) in base 10?
61764
Convert 6322855 (base 10) to base 6.
343304251
What is -1013610 (base 7) in base 16?
-1da24
What is 1353061 (base 7) in base 8?
541633
What is -c10d6d (base 14) in base 13?
-1465386
Convert -928537 (base 12) to base 4.
-20300123323
What is -2111371 (base 9) in base 12?
-4657b4
-2240a (base 11) to base 16
-7eb6
-40033232 (base 5) to base 4
-1030313001
Convert -39956 (base 15) to base 9.
-310800
4118e (base 16) to base 10
266638
1110010001011100010 (base 2) to base 7
3655335
Convert -110310320 (base 4) to base 8.
-246470
Convert -100111101100000001 (base 2) to base 4.
-213230001
What is 8b8ea (base 15) in base 10?
444145
What is 42304320 (base 7) in base 14?
693280
Convert -4d2a5 (base 16) to base 2.
-1001101001010100101
7041203 (base 9) to base 14
6d786d
205303111 (base 6) to base 12
1264a97
What is 319854 (base 12) in base 16?
bf680
Convert -22120220 (base 3) to base 14.
-23d3
-16c1565 (base 15) to base 16
-fcab7a
Convert -400321445 (base 6) to base 4.
-121232223011
Convert 629b68 (base 14) to base 4.
30231022200
What is -1424872 (base 10) in base 12?
-5886b4
What is -2512215 (base 6) in base 3?
-20210211002
What is 1010011000001000000010 (base 2) in base 4?
22120020002
-410a25 (base 13) to base 9
-2758727
-7078433 (base 10) to base 16
-6c0221
-366145 (base 7) to base 11
-4634a
What is 1023003001 (base 4) in base 9?
517587
Convert -8aaa7 (base 11) to base 5.
-13204030
What is 4752a7 (base 14) in base 6?
124102403
Convert -103003132321 (base 4) to base 6.
-255021001
39420 (base 16) to base 2
111001010000100000
Convert -10313333 (base 4) to base 6.
-232235
Convert -120023200 (base 4) to base 7.
-561514
What is -903292 (base 11) in base 3?
-2201212020021
What is -4b8a3 (base 14) in base 11?
-117460
Convert -280032 (base 9) to base 14.
-4626b
What is 12213013311 (base 4) in base 10?
1733109
49b09b (base 12) to base 5
301413304
What is 1545212 (base 8) in base 2?
1101100101010001010
What is 130852 (base 10) in base 9?
218441
-1020202111121 (base 3) to base 14
-134234
Convert 2874663 (base 9) to base 11.
992640
Convert -24574b (base 12) to base 11.
-373570
Convert -516109 (base 12) to base 10.
-1275417
Convert 220201133 (base 4) to base 6.
3320235
Convert 1dace (base 16) to base 7.
1014242
What is 5a46cb (base 13) in base 7?
24202116
What is 4100a (base 14) in base 5?
20001133
What is -4126186 (base 9) in base 8?
-10315544
What is -880a3 (base 12) in base 11?
-113127
What is -119146 (base 10) in base 15?
-25481
What is -1000011001101011011 (base 2) in base 8?
-1031533
What is 709707 (base 15) in base 3?
101001200111121
What is -21583674 (base 9) in base 13?
-221a67c
9301 (base 16) to base 11
26302
What is -123303311 (base 5) in base 2?
-10010011010110111101
37096 (base 10) to base 7
213103
What is -5032211 (base 7) in base 5?
-123034430
-10101112012211 (base 3) to base 11
-1020562
-1bb75 (base 14) to base 9
-117172
Convert -40031044 (base 5) to base 14.
-828a0
Convert -1737a (base 11) to base 7.
-131106
What is -1011111101010001 (base 2) in base 5?
-3031402
What is 45958 (base 14) in base 9?
277118
What is -420354 (base 6) in base 12?
-176ba
-1687341 (base 11) to base 4
-22323121100
-50557 (base 16) to base 6
-11015211
What is -11001101010010110010 (base 2) in base 12?
-346756
-1a4c3 (base 13) to base 4
-30202212
-320110301 (base 4) to base 3
-102201110122
Convert -205430031 (base 6) to base 15.
-4b9c4d
11a219 (base 12) to base 7
2304123
What is 79866 (base 15) in base 10?
386646
-b3112 (base 12) to base 6
-5000422
Convert 2103858 (base 9) to base 13.
304c97
-55c63c (base 13) to base 4
-13232303023
What is -2003636 (base 7) in base 15?
-4a1b8
What is 14301a (base 12) in base 14?
8ab42
What is -3983 (base 11) in base 5?
-131143
What is -101110110010100001111 (base 2) in base 6?
-52510051
What is -119ec (base 15) in base 12?
-28673
Convert 1547361 (base 8) to base 4.
1230323301
Convert 4060133 (base 7) to base 10.
485075
What is 11102001200201 (base 3) in base 9?
4361621
-1251221 (base 9) to base 4
-2212303312
What is -100100010000010100010 (base 2) in base 15?
-187002
What is -1111110011010000010 (base 2) in base 9?
-868211
1111100100010100101 (base 2) to base 10
510117
Convert -120a591 (base 11) to base 5.
-1014421203
103203 (base 11) to base 14
44345
What is 101001001101001111111 (base 2) in base 7?
14322436
What is -13022003 (base 5) in base 15?
-27738
Convert -5a9900 (base 11) to base 2.
-11101011100001111101
What is -56bb56 (base 13) in base 2?
-111110101011100101000
Convert -36111 (base 7) to base 13.
-431a
Convert 328783 (base 9) to base 13.
6b721
-c5c9b (base 13) to base 8
-1267041
-55333 (base 12) to base 2
-11011100010010111
What is -1578e1 (base 16) in base 12?
-57a429
What is 43022141 (base 5) in base 13?
c8382
1100100001100011011100 (base 2) to base 15
44cbc9
Convert 101010110101010100 (base 2) to base 10.
175444
What is 2bb5874 (base 12) in base 6?
515433424
-2011031112 (base 4) to base 13
-16146c
4333102 (base 5) to base 10
74152
What is 3774474 (base 10) in base 9?
7082540
Convert 15455 (base 11) to base 13.
9c30
-13023302 (base 4) to base 2
-111001011110010
958197 (base 10) to base 5
221130242
Convert -1630457 (base 8) to base 2.
-1110011000100101111
What is -773167 (base 12) in base 9?
-3503767
3721c (base 14) to base 11
92373
What is 70c3b5 (base 14) in base 13?
a2cbcc
What is -1122223312 (base 4) in base 8?
-1325366
What is 5540450 (base 8) in base 7?
15450432
724897 (base 10) to base 16
b0fa1
What is -953a97 (base 13) in base 7?
-41455141
Convert -213222210010 (base 4) to base 14.
-15494b2
What is -3158312 (base 12) in base 2?
-100011100100100010111110
Convert 2354410 (base 6) to base 10.
124134
What is -251d82 (base 15) in base 10?
-1778297
What is -1111020121 (base 4) in base 14?
-9110d
What is 1662671 (base 8) in base 14?
c8961
1222122221 (base 3) to base 8
114321
Convert -30eb3 (base 16) to base 13.
-70282
Convert 3adcd (base 16) to base 7.
2022630
-53ea (base 16) to base 6
-243242
Convert 124441212 (base 5) to base 3.
1011201201202
Convert -1116310 (base 11) to base 15.
-289693
Convert -7ba56a (base 13) to base 9.
-5464541
Convert -3677a (base 13) to base 15.
-1ea19
Convert 111110111101000101 (base 2) to base 12.
105285
Convert -b96d5 (base 14) to base 5.
-103324020
-11000100010010010011 (base 2) to base 15
-10d342
Convert -3865157 (base 10) to base 9.
-7240888
Convert -1a9bb (base 13) to base 12.
-26266
Convert -195ac (base 15) to base 11.
-56907
Convert -1111221011102 (base 3) to base 9.
-1457142
What is -34201551 (base 6) in base 7?
-11601046
-1002141321 (base 5) to base 12
-7bb8ab
What is -204430 (base 14) in base 4?
-10021133122
Convert 33e00a (base 15) to base 9.
4585141
Convert -67ebe (base 15) to base 8.
-1205720
-25a887 (base 14) to base 5
-312444410
Convert 115a6 (base 16) to base 10.
71078
Convert -1110111001100111110101 (base 2) to base 3.
-21100110002001
547425 (base 15) to base 13
aab736
-203031332 (base 4) to base 13
-50876
What is 44302313 (base 5) in base 9?
645643
-121222202122211 (base 3) to base 13
-1b4212a
What is 14315315 (base 6) in base 16?
7835f
What is 121125 (base 9) in base 8?
216454
Convert -122111211000 (base 3) to base 14.
-8d882
202220211002 (base 3) to base 13
115553
What is 1431061 (base 7) in base 3?
100210000101
What is -8592848 (base 11) in base 3?
-1001102211101221
What is 2048b1 (base 13) in base 15?
ed115
What is -3